{"id":463,"date":"2023-11-23T15:01:48","date_gmt":"2023-11-23T18:01:48","guid":{"rendered":"https:\/\/uniqueembalagem.com.br\/?post_type=product&#038;p=463"},"modified":"2024-09-10T12:06:13","modified_gmt":"2024-09-10T15:06:13","slug":"big-bag-alfa","status":"publish","type":"product","link":"https:\/\/uniqueembalagem.com.br\/index.php\/produto\/big-bag-alfa\/","title":{"rendered":"BIG BAG ALPHA"},"content":{"rendered":"<p>As principais vantagens de se utilizar um bag alpha s\u00e3o:<\/p>\n<p><strong>Resist\u00eancia:<\/strong> O bag alpha \u00e9 feito de um material de alta resist\u00eancia, que pode suportar cargas pesadas e condi\u00e7\u00f5es adversas.<\/p>\n<p><strong>Seguran\u00e7a:<\/strong> O bag alpha \u00e9 projetado para garantir a seguran\u00e7a do produto durante o transporte e manuseio. Ele inclui recursos de seguran\u00e7a, como v\u00e1lvulas de al\u00edvio de press\u00e3o e refor\u00e7os de costura.<\/p>\n<p><strong>Economia:<\/strong> O bag alpha \u00e9 uma op\u00e7\u00e3o econ\u00f4mica de embalagem. Ele \u00e9 mais barato do que outros tipos de embalagem, como paletes de madeira ou tambores de metal.<\/p>\n","protected":false},"excerpt":{"rendered":"<p>\u2022 Empilhamento para 4 unidades de alto<br \/>\n\u2022 Capacidade de 1200 a 1500kgs<br \/>\n\u2022 Com suporte de al\u00e7a para ser levantado por empilhadeira, o bag alpha acrescenta agilidade ao processo de transporte de gr\u00e3os e min\u00e9rios<\/p>\n","protected":false},"featured_media":464,"comment_status":"open","ping_status":"closed","template":"","meta":{"_joinchat":[]},"product_cat":[22],"product_tag":[36,37],"yoast_head":"<!-- This site is optimized with the Yoast SEO plugin v23.4 - https:\/\/yoast.com\/wordpress\/plugins\/seo\/ -->\n<title>BIG BAG ALPHA - Unique Embalagem<\/title>\n<meta name=\"robots\" content=\"index, follow, max-snippet:-1, max-image-preview:large, max-video-preview:-1\" \/>\n<link rel=\"canonical\" href=\"https:\/\/uniqueembalagem.com.br\/index.php\/produto\/big-bag-alfa\/\" \/>\n<meta property=\"og:locale\" content=\"en_US\" \/>\n<meta property=\"og:type\" content=\"article\" \/>\n<meta property=\"og:title\" content=\"BIG BAG ALPHA - Unique Embalagem\" \/>\n<meta property=\"og:description\" content=\"\u2022 Empilhamento para 4 unidades de alto \u2022 Capacidade de 1200 a 1500kgs \u2022 Com suporte de al\u00e7a para ser levantado por empilhadeira, o bag alpha acrescenta agilidade ao processo de transporte de gr\u00e3os e min\u00e9rios\" \/>\n<meta property=\"og:url\" content=\"https:\/\/uniqueembalagem.com.br\/index.php\/produto\/big-bag-alfa\/\" \/>\n<meta property=\"og:site_name\" content=\"Unique Embalagem\" \/>\n<meta property=\"article:modified_time\" content=\"2024-09-10T15:06:13+00:00\" \/>\n<meta property=\"og:image\" content=\"https:\/\/uniqueembalagem.com.br\/wp-content\/uploads\/2023\/11\/202311-PizziPacking_BagAlfa_FT-e1726156581183.png\" \/>\n\t<meta property=\"og:image:width\" content=\"500\" \/>\n\t<meta property=\"og:image:height\" content=\"500\" \/>\n\t<meta property=\"og:image:type\" content=\"image\/png\" \/>\n<meta name=\"twitter:card\" content=\"summary_large_image\" \/>\n<script type=\"application\/ld+json\" class=\"yoast-schema-graph\">{\"@context\":\"https:\/\/schema.org\",\"@graph\":[{\"@type\":\"WebPage\",\"@id\":\"https:\/\/uniqueembalagem.com.br\/index.php\/produto\/big-bag-alfa\/\",\"url\":\"https:\/\/uniqueembalagem.com.br\/index.php\/produto\/big-bag-alfa\/\",\"name\":\"BIG BAG ALPHA - Unique Embalagem\",\"isPartOf\":{\"@id\":\"https:\/\/uniqueembalagem.com.br\/#website\"},\"primaryImageOfPage\":{\"@id\":\"https:\/\/uniqueembalagem.com.br\/index.php\/produto\/big-bag-alfa\/#primaryimage\"},\"image\":{\"@id\":\"https:\/\/uniqueembalagem.com.br\/index.php\/produto\/big-bag-alfa\/#primaryimage\"},\"thumbnailUrl\":\"https:\/\/uniqueembalagem.com.br\/wp-content\/uploads\/2023\/11\/202311-PizziPacking_BagAlfa_FT-e1726156581183.png\",\"datePublished\":\"2023-11-23T18:01:48+00:00\",\"dateModified\":\"2024-09-10T15:06:13+00:00\",\"breadcrumb\":{\"@id\":\"https:\/\/uniqueembalagem.com.br\/index.php\/produto\/big-bag-alfa\/#breadcrumb\"},\"inLanguage\":\"en-US\",\"potentialAction\":[{\"@type\":\"ReadAction\",\"target\":[\"https:\/\/uniqueembalagem.com.br\/index.php\/produto\/big-bag-alfa\/\"]}]},{\"@type\":\"ImageObject\",\"inLanguage\":\"en-US\",\"@id\":\"https:\/\/uniqueembalagem.com.br\/index.php\/produto\/big-bag-alfa\/#primaryimage\",\"url\":\"https:\/\/uniqueembalagem.com.br\/wp-content\/uploads\/2023\/11\/202311-PizziPacking_BagAlfa_FT-e1726156581183.png\",\"contentUrl\":\"https:\/\/uniqueembalagem.com.br\/wp-content\/uploads\/2023\/11\/202311-PizziPacking_BagAlfa_FT-e1726156581183.png\",\"width\":500,\"height\":500,\"caption\":\"BIG BAG ALFA\"},{\"@type\":\"BreadcrumbList\",\"@id\":\"https:\/\/uniqueembalagem.com.br\/index.php\/produto\/big-bag-alfa\/#breadcrumb\",\"itemListElement\":[{\"@type\":\"ListItem\",\"position\":1,\"name\":\"Home\",\"item\":\"https:\/\/uniqueembalagem.com.br\/\"},{\"@type\":\"ListItem\",\"position\":2,\"name\":\"Loja\",\"item\":\"https:\/\/uniqueembalagem.com.br\/index.php\/loja\/\"},{\"@type\":\"ListItem\",\"position\":3,\"name\":\"BIG BAG ALPHA\"}]},{\"@type\":\"WebSite\",\"@id\":\"https:\/\/uniqueembalagem.com.br\/#website\",\"url\":\"https:\/\/uniqueembalagem.com.br\/\",\"name\":\"Unique Embalagem\",\"description\":\"Unique Embalagem Big Bag e Bulkliners\",\"publisher\":{\"@id\":\"https:\/\/uniqueembalagem.com.br\/#organization\"},\"potentialAction\":[{\"@type\":\"SearchAction\",\"target\":{\"@type\":\"EntryPoint\",\"urlTemplate\":\"https:\/\/uniqueembalagem.com.br\/?s={search_term_string}\"},\"query-input\":{\"@type\":\"PropertyValueSpecification\",\"valueRequired\":true,\"valueName\":\"search_term_string\"}}],\"inLanguage\":\"en-US\"},{\"@type\":\"Organization\",\"@id\":\"https:\/\/uniqueembalagem.com.br\/#organization\",\"name\":\"Unique Embalagem\",\"url\":\"https:\/\/uniqueembalagem.com.br\/\",\"logo\":{\"@type\":\"ImageObject\",\"inLanguage\":\"en-US\",\"@id\":\"https:\/\/uniqueembalagem.com.br\/#\/schema\/logo\/image\/\",\"url\":\"https:\/\/uniqueembalagem.com.br\/wp-content\/uploads\/2023\/10\/novo-logo.png\",\"contentUrl\":\"https:\/\/uniqueembalagem.com.br\/wp-content\/uploads\/2023\/10\/novo-logo.png\",\"width\":146,\"height\":51,\"caption\":\"Unique Embalagem\"},\"image\":{\"@id\":\"https:\/\/uniqueembalagem.com.br\/#\/schema\/logo\/image\/\"},\"sameAs\":[\"https:\/\/www.instagram.com\/uniqueembalagem\/\"]}]}<\/script>\n<!-- \/ Yoast SEO plugin. -->","yoast_head_json":{"title":"BIG BAG ALPHA - Unique Embalagem","robots":{"index":"index","follow":"follow","max-snippet":"max-snippet:-1","max-image-preview":"max-image-preview:large","max-video-preview":"max-video-preview:-1"},"canonical":"https:\/\/uniqueembalagem.com.br\/index.php\/produto\/big-bag-alfa\/","og_locale":"en_US","og_type":"article","og_title":"BIG BAG ALPHA - Unique Embalagem","og_description":"\u2022 Empilhamento para 4 unidades de alto \u2022 Capacidade de 1200 a 1500kgs \u2022 Com suporte de al\u00e7a para ser levantado por empilhadeira, o bag alpha acrescenta agilidade ao processo de transporte de gr\u00e3os e min\u00e9rios","og_url":"https:\/\/uniqueembalagem.com.br\/index.php\/produto\/big-bag-alfa\/","og_site_name":"Unique Embalagem","article_modified_time":"2024-09-10T15:06:13+00:00","og_image":[{"width":500,"height":500,"url":"https:\/\/uniqueembalagem.com.br\/wp-content\/uploads\/2023\/11\/202311-PizziPacking_BagAlfa_FT-e1726156581183.png","type":"image\/png"}],"twitter_card":"summary_large_image","schema":{"@context":"https:\/\/schema.org","@graph":[{"@type":"WebPage","@id":"https:\/\/uniqueembalagem.com.br\/index.php\/produto\/big-bag-alfa\/","url":"https:\/\/uniqueembalagem.com.br\/index.php\/produto\/big-bag-alfa\/","name":"BIG BAG ALPHA - Unique Embalagem","isPartOf":{"@id":"https:\/\/uniqueembalagem.com.br\/#website"},"primaryImageOfPage":{"@id":"https:\/\/uniqueembalagem.com.br\/index.php\/produto\/big-bag-alfa\/#primaryimage"},"image":{"@id":"https:\/\/uniqueembalagem.com.br\/index.php\/produto\/big-bag-alfa\/#primaryimage"},"thumbnailUrl":"https:\/\/uniqueembalagem.com.br\/wp-content\/uploads\/2023\/11\/202311-PizziPacking_BagAlfa_FT-e1726156581183.png","datePublished":"2023-11-23T18:01:48+00:00","dateModified":"2024-09-10T15:06:13+00:00","breadcrumb":{"@id":"https:\/\/uniqueembalagem.com.br\/index.php\/produto\/big-bag-alfa\/#breadcrumb"},"inLanguage":"en-US","potentialAction":[{"@type":"ReadAction","target":["https:\/\/uniqueembalagem.com.br\/index.php\/produto\/big-bag-alfa\/"]}]},{"@type":"ImageObject","inLanguage":"en-US","@id":"https:\/\/uniqueembalagem.com.br\/index.php\/produto\/big-bag-alfa\/#primaryimage","url":"https:\/\/uniqueembalagem.com.br\/wp-content\/uploads\/2023\/11\/202311-PizziPacking_BagAlfa_FT-e1726156581183.png","contentUrl":"https:\/\/uniqueembalagem.com.br\/wp-content\/uploads\/2023\/11\/202311-PizziPacking_BagAlfa_FT-e1726156581183.png","width":500,"height":500,"caption":"BIG BAG ALFA"},{"@type":"BreadcrumbList","@id":"https:\/\/uniqueembalagem.com.br\/index.php\/produto\/big-bag-alfa\/#breadcrumb","itemListElement":[{"@type":"ListItem","position":1,"name":"Home","item":"https:\/\/uniqueembalagem.com.br\/"},{"@type":"ListItem","position":2,"name":"Loja","item":"https:\/\/uniqueembalagem.com.br\/index.php\/loja\/"},{"@type":"ListItem","position":3,"name":"BIG BAG ALPHA"}]},{"@type":"WebSite","@id":"https:\/\/uniqueembalagem.com.br\/#website","url":"https:\/\/uniqueembalagem.com.br\/","name":"Unique Embalagem","description":"Unique Embalagem Big Bag e Bulkliners","publisher":{"@id":"https:\/\/uniqueembalagem.com.br\/#organization"},"potentialAction":[{"@type":"SearchAction","target":{"@type":"EntryPoint","urlTemplate":"https:\/\/uniqueembalagem.com.br\/?s={search_term_string}"},"query-input":{"@type":"PropertyValueSpecification","valueRequired":true,"valueName":"search_term_string"}}],"inLanguage":"en-US"},{"@type":"Organization","@id":"https:\/\/uniqueembalagem.com.br\/#organization","name":"Unique Embalagem","url":"https:\/\/uniqueembalagem.com.br\/","logo":{"@type":"ImageObject","inLanguage":"en-US","@id":"https:\/\/uniqueembalagem.com.br\/#\/schema\/logo\/image\/","url":"https:\/\/uniqueembalagem.com.br\/wp-content\/uploads\/2023\/10\/novo-logo.png","contentUrl":"https:\/\/uniqueembalagem.com.br\/wp-content\/uploads\/2023\/10\/novo-logo.png","width":146,"height":51,"caption":"Unique Embalagem"},"image":{"@id":"https:\/\/uniqueembalagem.com.br\/#\/schema\/logo\/image\/"},"sameAs":["https:\/\/www.instagram.com\/uniqueembalagem\/"]}]}},"_links":{"self":[{"href":"https:\/\/uniqueembalagem.com.br\/index.php\/wp-json\/wp\/v2\/product\/463"}],"collection":[{"href":"https:\/\/uniqueembalagem.com.br\/index.php\/wp-json\/wp\/v2\/product"}],"about":[{"href":"https:\/\/uniqueembalagem.com.br\/index.php\/wp-json\/wp\/v2\/types\/product"}],"replies":[{"embeddable":true,"href":"https:\/\/uniqueembalagem.com.br\/index.php\/wp-json\/wp\/v2\/comments?post=463"}],"wp:featuredmedia":[{"embeddable":true,"href":"https:\/\/uniqueembalagem.com.br\/index.php\/wp-json\/wp\/v2\/media\/464"}],"wp:attachment":[{"href":"https:\/\/uniqueembalagem.com.br\/index.php\/wp-json\/wp\/v2\/media?parent=463"}],"wp:term":[{"taxonomy":"product_cat","embeddable":true,"href":"https:\/\/uniqueembalagem.com.br\/index.php\/wp-json\/wp\/v2\/product_cat?post=463"},{"taxonomy":"product_tag","embeddable":true,"href":"https:\/\/uniqueembalagem.com.br\/index.php\/wp-json\/wp\/v2\/product_tag?post=463"}],"curies":[{"name":"wp","href":"https:\/\/api.w.org\/{rel}","templated":true}]}}